/4 + (-3)/6?
1
Suppose 5*d + 31*a - 330 = 35*a, 2*d = -2*a + 150. Suppose 0 = -5*n - i + 254, n = -i - 20 + d. What is the units digit of n?
1
Let m(f) = -f - 4. Let l(r) = 18*r - 160. Let p(w) = l(w) + 4*m(w). What is the units digit of p(19)?
0
Let f = 3728 + 634. Suppose -3188 - f = -10*h. What is the units digit of h?
5
Suppose 20*n = 24*n. Suppose -12*r + 15*r + 99 = n. What is the units digit of (-2959)/r - (-4)/(-6)?
9
Suppose -2*h - 14 = -3*p, 2*p - 3*h = -p + 18. Let m(x) = 205*x**3 + 19*x**p - 8*x - 204*x**3 - 26 - 16*x. What is the tens digit of m(-20)?
5
Let c = 6 + -6. Suppose -6*q + c = -12. Suppose 0*w - q*w = -36. What is the units digit of w?
8
Let o = -5 + 10. Suppose 4*l + 7 = o*l + 2*j, -j - 4 = 0. What is the units digit of (-475)/l*-3 + 4?
9
Let f(n) = 4*n**3 - 10*n**2 - 1. Let k(w) = -11*w**3 + 30*w**2 + 3. Let c(s) = 8*f(s) + 3*k(s). Let r be c(10). What is the units digit of (-2771)/(-68) + r/4?
1
Let v(q) = q**3 + 12*q**2 + 12*q - 12. Suppose 0*i + 70 = -7*i. Let c be i + ((2 - 5)*-1 - 3). What is the tens digit of v(c)?
6
Let t(w) be the first derivative of -w**4/4 - 4*w**3 - 3*w**2/2 - 12*w - 19. Let l be t(-13). Let b = l - 77. What is the units digit of b?
9
Suppose -268*d + 615*d = 8713517. What is the hundreds digit of d?
1
Let p(l) = 3*l**2 + 3*l - 26. Let g be p(-4). What is the units digit of (2 - 6)/(g/(-835))?
4
Let q(v) = v**3 + 37*v**2 + 23*v - 217. Let a be q(-36). Suppose -2*x + 3*f = -a, 5*f - 261 - 30 = -2*x. What is the tens digit of x?
3
Let h = -7 - -10. Suppose -4*b + 227 = -3*b - 3*y, 3*y = -5*b + 1117. Suppose 0 = -4*k + h*k + b. What is the tens digit of k?
2
Let u be 80 - (0 + -8)/(-4). Let v = 37 - u. Let d = v + 54. What is the tens digit of d?
1
Let z = 39931 + -12111. What is the tens digit of z?
2
Let m(q) = q**3 + 4*q**2 + 6*q + 17. Let v be m(-3). Let c(k) = 10*k**2 + 3*k - 36. What is the tens digit of c(v)?
2
Let g = 20 - -13. Let q = g + -30. Let x = -1 + q. What is the units digit of x?
2
Let o be (-1)/(3/(-18))*1/(-3). Let s(x) = 46*x**2 - x - 2. Let w be s(o). What is the tens digit of (w/(-10))/((-4)/20)?
9
Let l(k) = -3330*k - 118. What is the hundreds digit of l(-6)?
8
Let o = 195 - 97. Let g = o + -52. Let j = 73 - g. What is the units digit of j?
7
Suppose -4*v + 27351 = 5*a, -26*v + 25*v + 6846 = 4*a. What is the hundreds digit of v?
8
Let j(b) be the second derivative of -b**4/12 + 16*b**3/3 + 6*b**2 - b + 54. What is the tens digit of j(29)?
9
Let t(p) = 4*p**2 + 99*p + 108. What is the tens digit of t(23)?
0
Let x = 173 - 79. Let k = x - -38. What is the tens digit of k?
3
Let h(a) = -a + 82. Let p be h(0). Suppose -87*t + 95 = -p*t. Suppose t*m - 697 = 2*m. What is the units digit of m?
1
Suppose 771*f = 768*f + 645. Let w(s) = 50*s - 2. Let t be w(-3). Let o = f + t. What is the units digit of o?
3
Let x be (-2 - -1)/((-7)/(-7728)*-6). Suppose -186*r = -x*r - 2054. What is the hundreds digit of r?
0
Let x(r) = -r**3 + 4*r**2 - r - 6. Let v be x(3). Let q(i) = -i**3 - i**2 + 2*i**2 + 9*i - 10*i + 153. What is the tens digit of q(v)?
5
Let y(k) = -k**3 - 2*k**2 - 2*k - 3. Let c be y(0). Let t(i) = -i**3 - 2*i**2 + 3*i - 1. Let v be t(-3). What is the units digit of v - (-4 + 3 + c)?
3
What is the thousands digit of (2366/(-1014))/(1/(-3576))?
8
Let u be (-20)/(-5)*21/(-4). Let k = u + 21. Suppose k = -5*i + 174 + 561. What is the tens digit of i?
4
Let f(w) = -64*w**3 - 2*w**2 + 9*w - 25. What is the thousands digit of f(-3)?
1
Suppose 4*f = -4*a - 0*f + 20, -5*f - 47 = -3*a. Suppose -2349 = -0*y - a*y. Let c = y + -154. What is the units digit of c?
7
Let g be (-12)/18*6 + 39. What is the hundreds digit of 20/(g/7) - (-734)/2?
3
Let q(b) be the second derivative of 0 - 5/6*b**3 + b**2 + 2/3*b**4 + 1/20*b**5 + 15*b. What is the units digit of q(-8)?
2
Let m = -59 + 24. Let d be 2481/(-15) + 21/m. Let a = d + 364. What is the tens digit of a?
9
Suppose 5*u - 3*u + 2800 = 2*g, u = 5. Let q = -453 + g. Suppose 10*x - 14*x = -q. What is the hundreds digit of x?
2
Let o(h) = 11*h + 3. Let x(c) = -5*c - 1. Let u(p) = -o(p) + 3*x(p). Suppose -25 + 9 = 4*d. What is the units digit of u(d)?
8
Suppose 0*x - 4*x + 56 = 0. Suppose 3*z - 5*v + 1 = 0, z - x = -2*z + 2*v. Suppose -z*t = -0*t - 1528. What is the hundreds digit of t?
1
Let j = -919 + 1211. What is the units digit of j?
2
Suppose z = 0, -5*z + 0 = i - z - 4. Suppose -8 = -3*g + 4. What is the tens digit of 3*i*5/(10/g)?
2
Let c(k) = k**2 - 6*k - 30. Let h be c(10). What is the hundreds digit of h/(-60)*(-2468)/(-2)*-3?
6
Let t be -7 + (-12)/(-4) - 3. Let d = t - 3. What is the tens digit of 2370/27 - d/45?
8
Let t = -487 + 489. What is the units digit of (-2)/(t/29)*-29?
1
Suppose 16*r - 58 = -90. What is the tens digit of r - 2 - (-434 - (4 + -4))?
3
Suppose -50*q + 65833 = -483217. What is the hundreds digit of q?
9
Let f(r) = r**2 - 34*r + 6. Let z be f(34). Suppose -v + 295 = 4*p, 4*p - z*p + 289 = v. What is the hundreds digit of v?
2
Let o = 27 - 24. Let j be -5 + o + 24 - 1. Suppose j*v = 24*v - 123. What is the units digit of v?
1
Suppose 8*j - h + 293 = 13*j, -j + 3*h + 49 = 0. Suppose -56*s - 1416 = -j*s. What is the tens digit of s?
0
Suppose -612 - 399 = -m. What is the hundreds digit of m?
0
Let c(t) = -t**3 + 4*t**2 + 14*t - 5. Let w be c(6). Suppose -265 - 505 = w*h. Let j = h + 236. What is the tens digit of j?
2
Let t be (1 - (-49)/7)/4. Suppose -4*q + t*v = -1692, 3*v = 4*q + 5*v - 1692. What is the hundreds digit of q?
4
Suppose -5*b - 3*x = -9, 4 = -3*b + b - 5*x. Suppose -3*k + 3*f = -4*k + 854, b*k + 4*f - 2557 = 0. What is the units digit of k?
1
Let p be (-7 - 1848/(-110))/((-2)/(-20)). Let u be (-307)/(-4)*(-4)/(-1). Let m = u - p. What is the units digit of m?
9
Let n(m) be the first derivative of -m**4/4 + 3*m**3 - 7*m**2/2 - m + 174. What is the tens digit of n(7)?
4
Suppose -7*h + 5 = 26. Let b(m) = -12*m**2 - 2*m + 2. Let v be b(h). Let p = v + 196. What is the tens digit of p?
9
Suppose 25*i + 0*i + 1200 = 0. Let z = 495 + i. What is the hundreds digit of z?
4
Let z = -671 - -671. Suppose -r + 3*o + 161 + 541 = z, 0 = -4*r - 5*o + 2774. What is the hundreds digit of r?
6
Suppose -2*a = 0, -d - 24*a = -21*a + 269. Let o = -33 - d. What is the units digit of o?
6
Let i = 9133 + 20756. What is the ten thousands digit of i?
2
Let o(t) = -12*t - 6. Let s be o(-1). Let p(l) = -l**2 + 13*l - 9. Let g be p(s). Suppose -g*k - 182 = -34*k. What is the units digit of k?
2
Let w be (-3)/((-54)/(-4)) + 1865/9. Let k = -185 + w. What is the tens digit of k?
2
Let p = 32257 - 20349. What is the thousands digit of p?
1
Let j be 5 + 67/9 - 8/18. What is the units digit of 4/j*15 + (-1424)/(-2)?
7
Suppose -3*m = 4*h + 169 + 67, 5*m = 2*h + 144. Let g = 66 + h. Suppose -5*k - g*b = -777 - 337, -k = 5*b - 227. What is the hundreds digit of k?
2
Let i(x) = 4*x**2 + 2*x. Let l(a) = -3*a + 1. Let k be l(1). Let z be i(k). What is the tens digit of 8/z - (-637)/3?
1
Let b be (-1 - -11)/(4 - 2). Suppose b = -o, 3*i + o + 2*o - 5397 = 0. Suppose -i + 494 = -10*f. What is the units digit of f?
1
Let x = 12 + 86. Suppose -x = -3*b - 4*b. Let n = 174 + b. What is the tens digit of n?
8
Let x = 5550 - -43566. What is the tens digit of x?
1
Let t(v) = 30*v**3 + 11*v**2 - 48*v + 127. What is the hundreds digit of t(9)?
4
What is the hundreds digit of (-33976)/(-21) + 142/1491?
6
Suppose 71*q - 90*q = -698421. What is the thousands digit of q?
6
Let p(g) = -88*g**2 + 17*g - 39. Let b(v) = v**2 + v + 1. Let u(h) = -b(h) - p(h). What is the hundreds digit of u(2)?
3
Let x be 4 + 2*3/6. Let q(g) = g**3 - 6*g**2 + 5*g - 3. Let p be q(x). What is the tens digit of ((-416)/(-24))/(((-1)/p)/1)?
5
Suppose -387*u - 37248 = -388*u + 3*n, -10 = -2*n. What is the thousands digit of u?
7
Suppose -4*w - 7534 = -z, 3*z - 22650 = 17*w - 21*w. What is the tens digit of z?
4
Suppose 0 = k + 18 - 20. Let i be (-7644)/(-45) + 38/285. Suppose -i = -k*j + 24. What is the tens digit of j?
9
Let t(f) = -f**3 + 14*f + 30. Let k be t(-5). What is the hundreds digit of (-54 + k)/(-2 - 59/(-29))?
8
Let y(x) = 59*x**3 - x**2 + 5*x + 2. Let g be y(-3). Let f = -204 - g. What is the thousands digit of f?
1
Suppose -2113*s + 4227*s - 2113*s = 88721. W